{"id":3,"date":"2023-11-30T20:49:13","date_gmt":"2023-11-30T19:49:13","guid":{"rendered":"http:\/\/chai-fabien-sanary.com\/?page_id=3"},"modified":"2025-12-22T17:13:02","modified_gmt":"2025-12-22T16:13:02","slug":"politique-de-confidentialite","status":"publish","type":"page","link":"https:\/\/chai-fabien-sanary.com\/index.php\/politique-de-confidentialite\/","title":{"rendered":"Mentions l\u00e9gales"},"content":{"rendered":"\t\t<div data-elementor-type=\"wp-page\" data-elementor-id=\"3\" class=\"elementor elementor-3\">\n\t\t\t\t\t\t<section class=\"elementor-section elementor-top-section elementor-element elementor-element-ca97262 elementor-section-height-min-height elementor-section-boxed elementor-section-height-default elementor-section-items-middle wpr-particle-no wpr-jarallax-no wpr-parallax-no wpr-sticky-section-no\" data-id=\"ca97262\" data-element_type=\"section\" data-settings=\"{&quot;background_background&quot;:&quot;classic&quot;,&quot;shape_divider_bottom&quot;:&quot;waves&quot;}\">\n\t\t\t\t\t\t\t<div class=\"elementor-background-overlay\"><\/div>\n\t\t\t\t\t\t<div class=\"elementor-shape elementor-shape-bottom\" aria-hidden=\"true\" data-negative=\"false\">\n\t\t\t<svg xmlns=\"http:\/\/www.w3.org\/2000\/svg\" viewBox=\"0 0 1000 100\" preserveAspectRatio=\"none\">\n\t<path class=\"elementor-shape-fill\" d=\"M421.9,6.5c22.6-2.5,51.5,0.4,75.5,5.3c23.6,4.9,70.9,23.5,100.5,35.7c75.8,32.2,133.7,44.5,192.6,49.7\n\tc23.6,2.1,48.7,3.5,103.4-2.5c54.7-6,106.2-25.6,106.2-25.6V0H0v30.3c0,0,72,32.6,158.4,30.5c39.2-0.7,92.8-6.7,134-22.4\n\tc21.2-8.1,52.2-18.2,79.7-24.2C399.3,7.9,411.6,7.5,421.9,6.5z\"\/>\n<\/svg>\t\t<\/div>\n\t\t\t\t\t<div class=\"elementor-container elementor-column-gap-default\">\n\t\t\t\t\t<div class=\"elementor-column elementor-col-100 elementor-top-column elementor-element elementor-element-e5582bc\" data-id=\"e5582bc\" data-element_type=\"column\">\n\t\t\t<div class=\"elementor-widget-wrap elementor-element-populated\">\n\t\t\t\t\t\t<div class=\"elementor-element elementor-element-d2b37bf elementor-widget elementor-widget-heading\" data-id=\"d2b37bf\" data-element_type=\"widget\" data-widget_type=\"heading.default\">\n\t\t\t\t<div class=\"elementor-widget-container\">\n\t\t\t\t\t<h2 class=\"elementor-heading-title elementor-size-default\">Mentions l\u00e9gales<\/h2>\t\t\t\t<\/div>\n\t\t\t\t<\/div>\n\t\t\t\t\t<\/div>\n\t\t<\/div>\n\t\t\t\t\t<\/div>\n\t\t<\/section>\n\t\t<div class=\"elementor-element elementor-element-7905bc1c e-flex e-con-boxed wpr-particle-no wpr-jarallax-no wpr-parallax-no wpr-sticky-section-no e-con e-parent\" data-id=\"7905bc1c\" data-element_type=\"container\">\n\t\t\t\t\t<div class=\"e-con-inner\">\n\t\t\t\t<div class=\"elementor-element elementor-element-179e699d elementor-widget elementor-widget-text-editor\" data-id=\"179e699d\" data-element_type=\"widget\" data-widget_type=\"text-editor.default\">\n\t\t\t\t<div class=\"elementor-widget-container\">\n\t\t\t\t\t\t\t\t\t<h3 data-start=\"103\" data-end=\"128\"><strong data-start=\"107\" data-end=\"126\">\u00c9diteur du site<\/strong><\/h3>\n<p data-start=\"129\" data-end=\"388\"><strong data-start=\"129\" data-end=\"144\">Chai Fabien<\/strong><br data-start=\"144\" data-end=\"147\">Soci\u00e9t\u00e9 : Soci\u00e9t\u00e9 par actions simplifi\u00e9e<br data-start=\"194\" data-end=\"197\">Adresse :12 Avenue du Marechal Gallieni 83110 Sanary-sur-Mer<br data-start=\"244\" data-end=\"247\">T\u00e9l\u00e9phone : 0494887464<br data-start=\"280\" data-end=\"283\">E-mail : chaifabien@gmail.com<br data-start=\"319\" data-end=\"322\">SIRET :980 011 845 00016<br data-start=\"344\" data-end=\"347\">TVA intracommunautaire : FR79980011845<\/p>\n<p data-start=\"390\" data-end=\"443\">Directeur de la publication : Fabien DE PISCHOFF<\/p>\n<h3 data-start=\"445\" data-end=\"474\"><strong data-start=\"449\" data-end=\"472\">H\u00e9bergement du site<\/strong><\/h3>\n<p data-start=\"475\" data-end=\"643\">Nom de l\u2019h\u00e9bergeur : OVH<br data-start=\"522\" data-end=\"525\">Adresse : RCS Roubaix \u2013 Tourcoing 424 761 419 00045 Code APE 6202A<br data-start=\"604\" data-end=\"607\">Site web : <a href=\"https:\/\/www.ovhcloud.com\/fr\/\">https:\/\/www.ovhcloud.com\/fr\/<\/a><\/p>\n<h3 data-start=\"645\" data-end=\"679\"><strong data-start=\"649\" data-end=\"677\">Propri\u00e9t\u00e9 intellectuelle<\/strong><\/h3>\n<p data-start=\"680\" data-end=\"1115\">Tous les contenus pr\u00e9sents sur le site <a class=\"\" href=\"https:\/\/chai-fabien-sanary.com\/\" target=\"_new\" rel=\"noopener\" data-start=\"719\" data-end=\"785\">https:\/\/chai-fabien-sanary.com\/<\/a> (textes, visuels, images, logos, etc.) sont la propri\u00e9t\u00e9 exclusive de Chai Fabien ou font l\u2019objet d\u2019une autorisation d\u2019utilisation.<br data-start=\"917\" data-end=\"920\">Toute reproduction, distribution, modification, adaptation, retransmission ou publication, m\u00eame partielle, de ces diff\u00e9rents \u00e9l\u00e9ments est strictement interdite sans l\u2019accord \u00e9crit de Chai Fabien.<\/p>\n<h3 data-start=\"1117\" data-end=\"1147\"><strong data-start=\"1121\" data-end=\"1145\">Donn\u00e9es personnelles<\/strong><\/h3>\n<p data-start=\"1148\" data-end=\"1598\">Les donn\u00e9es \u00e9ventuellement collect\u00e9es via les formulaires du site sont destin\u00e9es uniquement \u00e0 un usage interne (prise de contact, demande d&rsquo;information) et ne sont en aucun cas c\u00e9d\u00e9es ou vendues \u00e0 des tiers.<br data-start=\"1355\" data-end=\"1358\">Conform\u00e9ment au R\u00e8glement G\u00e9n\u00e9ral sur la Protection des Donn\u00e9es (RGPD), vous disposez d\u2019un droit d\u2019acc\u00e8s, de rectification et de suppression des donn\u00e9es vous concernant. Pour exercer ce droit, contactez-nous \u00e0 l\u2019adresse suivante : chaifabien@gmail.com<\/p>\n<h3 data-start=\"1600\" data-end=\"1617\"><strong data-start=\"1604\" data-end=\"1615\">Cookies<\/strong><\/h3>\n<p data-start=\"1618\" data-end=\"1841\">Le site <a class=\"\" href=\"https:\/\/chai-fabien-sanary.com\/\" target=\"_new\" rel=\"noopener\" data-start=\"1626\" data-end=\"1692\">https:\/\/chai-fabien-sanary.com\/<\/a> peut utiliser des cookies afin d\u2019am\u00e9liorer la navigation ou de mesurer l\u2019audience. Vous pouvez configurer votre navigateur pour refuser les cookies.<\/p>\n<hr data-start=\"1843\" data-end=\"1846\">\n<h2 data-start=\"1848\" data-end=\"1884\"><strong data-start=\"1851\" data-end=\"1884\">Mentions relatives \u00e0 l\u2019alcool<\/strong><\/h2>\n<p data-start=\"1886\" data-end=\"2100\">Bien que le site <a class=\"\" href=\"https:\/\/chai-fabien-sanary.com\/\" target=\"_new\" rel=\"noopener\" data-start=\"1903\" data-end=\"1969\">https:\/\/chai-fabien-sanary.com\/<\/a> ne propose pas de vente d\u2019alcool en ligne, il pr\u00e9sente des boissons alcoolis\u00e9es disponibles <strong data-start=\"2062\" data-end=\"2099\">\u00e0 la vente en boutique<\/strong>.<\/p>\n<p data-start=\"2102\" data-end=\"2261\">Conform\u00e9ment \u00e0 l\u2019article L.3342-1 du Code de la sant\u00e9 publique, <strong data-start=\"2166\" data-end=\"2260\">la vente de boissons alcoolis\u00e9es \u00e0 des mineurs de moins de dix-huit (18) ans est interdite<\/strong>.<\/p>\n<p data-start=\"2263\" data-end=\"2428\">Chai Fabien s\u2019engage \u00e0 <strong data-start=\"2286\" data-end=\"2352\">refuser la vente d\u2019alcool en boutique \u00e0 toute personne mineure<\/strong>, et peut demander une pi\u00e8ce d\u2019identit\u00e9 en cas de doute sur l\u2019\u00e2ge du client.<\/p>\n<p data-start=\"2430\" data-end=\"2507\"><strong data-start=\"2430\" data-end=\"2507\">L\u2019ABUS D\u2019ALCOOL EST DANGEREUX POUR LA SANT\u00c9. \u00c0 CONSOMMER AVEC MOD\u00c9RATION.<\/strong><\/p>\t\t\t\t\t\t\t\t<\/div>\n\t\t\t\t<\/div>\n\t\t\t\t\t<\/div>\n\t\t\t\t<\/div>\n\t\t\t\t<\/div>\n\t\t","protected":false},"excerpt":{"rendered":"<p>Mentions l\u00e9gales \u00c9diteur du site Chai FabienSoci\u00e9t\u00e9 : Soci\u00e9t\u00e9 par actions simplifi\u00e9eAdresse :12 Avenue du Marechal Gallieni 83110 Sanary-sur-MerT\u00e9l\u00e9phone : 0494887464E-mail : chaifabien@gmail.comSIRET :980 011 845 00016TVA intracommunautaire : FR79980011845 Directeur de la publication : Fabien DE PISCHOFF H\u00e9bergement du site Nom de l\u2019h\u00e9bergeur : OVHAdresse : RCS Roubaix \u2013 Tourcoing 424 761 419 00045 Code APE 6202ASite web : https:\/\/www.ovhcloud.com\/fr\/ Propri\u00e9t\u00e9 intellectuelle Tous les contenus pr\u00e9sents sur le site https:\/\/chai-fabien-sanary.com\/ (textes, visuels, images, logos, etc.) sont la propri\u00e9t\u00e9 exclusive de Chai Fabien ou font l\u2019objet d\u2019une autorisation d\u2019utilisation.Toute reproduction, distribution, modification, adaptation, retransmission ou publication, m\u00eame partielle, de ces diff\u00e9rents \u00e9l\u00e9ments est strictement interdite sans l\u2019accord \u00e9crit de Chai Fabien. Donn\u00e9es personnelles Les donn\u00e9es \u00e9ventuellement collect\u00e9es via les formulaires du site sont destin\u00e9es uniquement \u00e0 un usage interne (prise de contact, demande d&rsquo;information) et ne sont en aucun cas c\u00e9d\u00e9es ou vendues \u00e0 des tiers.Conform\u00e9ment au R\u00e8glement G\u00e9n\u00e9ral sur la Protection des Donn\u00e9es (RGPD), vous disposez d\u2019un droit d\u2019acc\u00e8s, de rectification et de suppression des donn\u00e9es vous concernant. Pour exercer ce droit, contactez-nous \u00e0 l\u2019adresse suivante : chaifabien@gmail.com Cookies Le site https:\/\/chai-fabien-sanary.com\/ peut utiliser des cookies afin d\u2019am\u00e9liorer la navigation ou de mesurer l\u2019audience. Vous pouvez configurer votre navigateur pour refuser les cookies. Mentions relatives \u00e0 l\u2019alcool Bien que le site https:\/\/chai-fabien-sanary.com\/ ne propose pas de vente d\u2019alcool en ligne, il pr\u00e9sente des boissons alcoolis\u00e9es disponibles \u00e0 la vente en boutique. Conform\u00e9ment \u00e0 l\u2019article L.3342-1 du Code de la sant\u00e9 publique, la vente de boissons alcoolis\u00e9es \u00e0 des mineurs de moins de dix-huit (18) ans est interdite. Chai Fabien s\u2019engage \u00e0 refuser la vente d\u2019alcool en boutique \u00e0 toute personne mineure, et peut demander une pi\u00e8ce d\u2019identit\u00e9 en cas de doute sur l\u2019\u00e2ge du client. L\u2019ABUS D\u2019ALCOOL EST DANGEREUX POUR LA SANT\u00c9. \u00c0 CONSOMMER AVEC MOD\u00c9RATION.<\/p>\n","protected":false},"author":1,"featured_media":0,"parent":0,"menu_order":0,"comment_status":"closed","ping_status":"open","template":"elementor_canvas","meta":{"_themeisle_gutenberg_block_has_review":false,"footnotes":""},"class_list":["post-3","page","type-page","status-publish","hentry"],"yoast_head":"<!-- This site is optimized with the Yoast SEO plugin v26.2 - https:\/\/yoast.com\/wordpress\/plugins\/seo\/ -->\n<title>Mentions l\u00e9gales - Chai Fabien<\/title>\n<meta name=\"robots\" content=\"index, follow, max-snippet:-1, max-image-preview:large, max-video-preview:-1\" \/>\n<link rel=\"canonical\" href=\"https:\/\/chai-fabien-sanary.com\/index.php\/politique-de-confidentialite\/\" \/>\n<meta property=\"og:locale\" content=\"fr_FR\" \/>\n<meta property=\"og:type\" content=\"article\" \/>\n<meta property=\"og:title\" content=\"Mentions l\u00e9gales - Chai Fabien\" \/>\n<meta property=\"og:description\" content=\"Mentions l\u00e9gales \u00c9diteur du site Chai FabienSoci\u00e9t\u00e9 : Soci\u00e9t\u00e9 par actions simplifi\u00e9eAdresse :12 Avenue du Marechal Gallieni 83110 Sanary-sur-MerT\u00e9l\u00e9phone : 0494887464E-mail : chaifabien@gmail.comSIRET :980 011 845 00016TVA intracommunautaire : FR79980011845 Directeur de la publication : Fabien DE PISCHOFF H\u00e9bergement du site Nom de l\u2019h\u00e9bergeur : OVHAdresse : RCS Roubaix \u2013 Tourcoing 424 761 419 00045 Code APE 6202ASite web : https:\/\/www.ovhcloud.com\/fr\/ Propri\u00e9t\u00e9 intellectuelle Tous les contenus pr\u00e9sents sur le site https:\/\/chai-fabien-sanary.com\/ (textes, visuels, images, logos, etc.) sont la propri\u00e9t\u00e9 exclusive de Chai Fabien ou font l\u2019objet d\u2019une autorisation d\u2019utilisation.Toute reproduction, distribution, modification, adaptation, retransmission ou publication, m\u00eame partielle, de ces diff\u00e9rents \u00e9l\u00e9ments est strictement interdite sans l\u2019accord \u00e9crit de Chai Fabien. Donn\u00e9es personnelles Les donn\u00e9es \u00e9ventuellement collect\u00e9es via les formulaires du site sont destin\u00e9es uniquement \u00e0 un usage interne (prise de contact, demande d&rsquo;information) et ne sont en aucun cas c\u00e9d\u00e9es ou vendues \u00e0 des tiers.Conform\u00e9ment au R\u00e8glement G\u00e9n\u00e9ral sur la Protection des Donn\u00e9es (RGPD), vous disposez d\u2019un droit d\u2019acc\u00e8s, de rectification et de suppression des donn\u00e9es vous concernant. Pour exercer ce droit, contactez-nous \u00e0 l\u2019adresse suivante : chaifabien@gmail.com Cookies Le site https:\/\/chai-fabien-sanary.com\/ peut utiliser des cookies afin d\u2019am\u00e9liorer la navigation ou de mesurer l\u2019audience. Vous pouvez configurer votre navigateur pour refuser les cookies. Mentions relatives \u00e0 l\u2019alcool Bien que le site https:\/\/chai-fabien-sanary.com\/ ne propose pas de vente d\u2019alcool en ligne, il pr\u00e9sente des boissons alcoolis\u00e9es disponibles \u00e0 la vente en boutique. Conform\u00e9ment \u00e0 l\u2019article L.3342-1 du Code de la sant\u00e9 publique, la vente de boissons alcoolis\u00e9es \u00e0 des mineurs de moins de dix-huit (18) ans est interdite. Chai Fabien s\u2019engage \u00e0 refuser la vente d\u2019alcool en boutique \u00e0 toute personne mineure, et peut demander une pi\u00e8ce d\u2019identit\u00e9 en cas de doute sur l\u2019\u00e2ge du client. L\u2019ABUS D\u2019ALCOOL EST DANGEREUX POUR LA SANT\u00c9. \u00c0 CONSOMMER AVEC MOD\u00c9RATION.\" \/>\n<meta property=\"og:url\" content=\"https:\/\/chai-fabien-sanary.com\/index.php\/politique-de-confidentialite\/\" \/>\n<meta property=\"og:site_name\" content=\"Chai Fabien\" \/>\n<meta property=\"article:modified_time\" content=\"2025-12-22T16:13:02+00:00\" \/>\n<meta name=\"twitter:card\" content=\"summary_large_image\" \/>\n<meta name=\"twitter:label1\" content=\"Dur\u00e9e de lecture estim\u00e9e\" \/>\n\t<meta name=\"twitter:data1\" content=\"2 minutes\" \/>\n<script type=\"application\/ld+json\" class=\"yoast-schema-graph\">{\"@context\":\"https:\/\/schema.org\",\"@graph\":[{\"@type\":\"WebPage\",\"@id\":\"https:\/\/chai-fabien-sanary.com\/index.php\/politique-de-confidentialite\/\",\"url\":\"https:\/\/chai-fabien-sanary.com\/index.php\/politique-de-confidentialite\/\",\"name\":\"Mentions l\u00e9gales - Chai Fabien\",\"isPartOf\":{\"@id\":\"https:\/\/chai-fabien-sanary.com\/#website\"},\"datePublished\":\"2023-11-30T19:49:13+00:00\",\"dateModified\":\"2025-12-22T16:13:02+00:00\",\"breadcrumb\":{\"@id\":\"https:\/\/chai-fabien-sanary.com\/index.php\/politique-de-confidentialite\/#breadcrumb\"},\"inLanguage\":\"fr-FR\",\"potentialAction\":[{\"@type\":\"ReadAction\",\"target\":[\"https:\/\/chai-fabien-sanary.com\/index.php\/politique-de-confidentialite\/\"]}]},{\"@type\":\"BreadcrumbList\",\"@id\":\"https:\/\/chai-fabien-sanary.com\/index.php\/politique-de-confidentialite\/#breadcrumb\",\"itemListElement\":[{\"@type\":\"ListItem\",\"position\":1,\"name\":\"Accueil\",\"item\":\"https:\/\/chai-fabien-sanary.com\/\"},{\"@type\":\"ListItem\",\"position\":2,\"name\":\"Mentions l\u00e9gales\"}]},{\"@type\":\"WebSite\",\"@id\":\"https:\/\/chai-fabien-sanary.com\/#website\",\"url\":\"https:\/\/chai-fabien-sanary.com\/\",\"name\":\"Chai Fabien\",\"description\":\"Cave \u00e0 vins, bi\u00e8res, spiritueux\",\"publisher\":{\"@id\":\"https:\/\/chai-fabien-sanary.com\/#organization\"},\"potentialAction\":[{\"@type\":\"SearchAction\",\"target\":{\"@type\":\"EntryPoint\",\"urlTemplate\":\"https:\/\/chai-fabien-sanary.com\/?s={search_term_string}\"},\"query-input\":{\"@type\":\"PropertyValueSpecification\",\"valueRequired\":true,\"valueName\":\"search_term_string\"}}],\"inLanguage\":\"fr-FR\"},{\"@type\":\"Organization\",\"@id\":\"https:\/\/chai-fabien-sanary.com\/#organization\",\"name\":\"Chai Fabien\",\"url\":\"https:\/\/chai-fabien-sanary.com\/\",\"logo\":{\"@type\":\"ImageObject\",\"inLanguage\":\"fr-FR\",\"@id\":\"https:\/\/chai-fabien-sanary.com\/#\/schema\/logo\/image\/\",\"url\":\"https:\/\/chai-fabien-sanary.com\/wp-content\/uploads\/2025\/06\/Logo-site-header-blanc-67be95.svg\",\"contentUrl\":\"https:\/\/chai-fabien-sanary.com\/wp-content\/uploads\/2025\/06\/Logo-site-header-blanc-67be95.svg\",\"width\":1238,\"height\":167,\"caption\":\"Chai Fabien\"},\"image\":{\"@id\":\"https:\/\/chai-fabien-sanary.com\/#\/schema\/logo\/image\/\"}}]}<\/script>\n<!-- \/ Yoast SEO plugin. -->","yoast_head_json":{"title":"Mentions l\u00e9gales - Chai Fabien","robots":{"index":"index","follow":"follow","max-snippet":"max-snippet:-1","max-image-preview":"max-image-preview:large","max-video-preview":"max-video-preview:-1"},"canonical":"https:\/\/chai-fabien-sanary.com\/index.php\/politique-de-confidentialite\/","og_locale":"fr_FR","og_type":"article","og_title":"Mentions l\u00e9gales - Chai Fabien","og_description":"Mentions l\u00e9gales \u00c9diteur du site Chai FabienSoci\u00e9t\u00e9 : Soci\u00e9t\u00e9 par actions simplifi\u00e9eAdresse :12 Avenue du Marechal Gallieni 83110 Sanary-sur-MerT\u00e9l\u00e9phone : 0494887464E-mail : chaifabien@gmail.comSIRET :980 011 845 00016TVA intracommunautaire : FR79980011845 Directeur de la publication : Fabien DE PISCHOFF H\u00e9bergement du site Nom de l\u2019h\u00e9bergeur : OVHAdresse : RCS Roubaix \u2013 Tourcoing 424 761 419 00045 Code APE 6202ASite web : https:\/\/www.ovhcloud.com\/fr\/ Propri\u00e9t\u00e9 intellectuelle Tous les contenus pr\u00e9sents sur le site https:\/\/chai-fabien-sanary.com\/ (textes, visuels, images, logos, etc.) sont la propri\u00e9t\u00e9 exclusive de Chai Fabien ou font l\u2019objet d\u2019une autorisation d\u2019utilisation.Toute reproduction, distribution, modification, adaptation, retransmission ou publication, m\u00eame partielle, de ces diff\u00e9rents \u00e9l\u00e9ments est strictement interdite sans l\u2019accord \u00e9crit de Chai Fabien. Donn\u00e9es personnelles Les donn\u00e9es \u00e9ventuellement collect\u00e9es via les formulaires du site sont destin\u00e9es uniquement \u00e0 un usage interne (prise de contact, demande d&rsquo;information) et ne sont en aucun cas c\u00e9d\u00e9es ou vendues \u00e0 des tiers.Conform\u00e9ment au R\u00e8glement G\u00e9n\u00e9ral sur la Protection des Donn\u00e9es (RGPD), vous disposez d\u2019un droit d\u2019acc\u00e8s, de rectification et de suppression des donn\u00e9es vous concernant. Pour exercer ce droit, contactez-nous \u00e0 l\u2019adresse suivante : chaifabien@gmail.com Cookies Le site https:\/\/chai-fabien-sanary.com\/ peut utiliser des cookies afin d\u2019am\u00e9liorer la navigation ou de mesurer l\u2019audience. Vous pouvez configurer votre navigateur pour refuser les cookies. Mentions relatives \u00e0 l\u2019alcool Bien que le site https:\/\/chai-fabien-sanary.com\/ ne propose pas de vente d\u2019alcool en ligne, il pr\u00e9sente des boissons alcoolis\u00e9es disponibles \u00e0 la vente en boutique. Conform\u00e9ment \u00e0 l\u2019article L.3342-1 du Code de la sant\u00e9 publique, la vente de boissons alcoolis\u00e9es \u00e0 des mineurs de moins de dix-huit (18) ans est interdite. Chai Fabien s\u2019engage \u00e0 refuser la vente d\u2019alcool en boutique \u00e0 toute personne mineure, et peut demander une pi\u00e8ce d\u2019identit\u00e9 en cas de doute sur l\u2019\u00e2ge du client. L\u2019ABUS D\u2019ALCOOL EST DANGEREUX POUR LA SANT\u00c9. \u00c0 CONSOMMER AVEC MOD\u00c9RATION.","og_url":"https:\/\/chai-fabien-sanary.com\/index.php\/politique-de-confidentialite\/","og_site_name":"Chai Fabien","article_modified_time":"2025-12-22T16:13:02+00:00","twitter_card":"summary_large_image","twitter_misc":{"Dur\u00e9e de lecture estim\u00e9e":"2 minutes"},"schema":{"@context":"https:\/\/schema.org","@graph":[{"@type":"WebPage","@id":"https:\/\/chai-fabien-sanary.com\/index.php\/politique-de-confidentialite\/","url":"https:\/\/chai-fabien-sanary.com\/index.php\/politique-de-confidentialite\/","name":"Mentions l\u00e9gales - Chai Fabien","isPartOf":{"@id":"https:\/\/chai-fabien-sanary.com\/#website"},"datePublished":"2023-11-30T19:49:13+00:00","dateModified":"2025-12-22T16:13:02+00:00","breadcrumb":{"@id":"https:\/\/chai-fabien-sanary.com\/index.php\/politique-de-confidentialite\/#breadcrumb"},"inLanguage":"fr-FR","potentialAction":[{"@type":"ReadAction","target":["https:\/\/chai-fabien-sanary.com\/index.php\/politique-de-confidentialite\/"]}]},{"@type":"BreadcrumbList","@id":"https:\/\/chai-fabien-sanary.com\/index.php\/politique-de-confidentialite\/#breadcrumb","itemListElement":[{"@type":"ListItem","position":1,"name":"Accueil","item":"https:\/\/chai-fabien-sanary.com\/"},{"@type":"ListItem","position":2,"name":"Mentions l\u00e9gales"}]},{"@type":"WebSite","@id":"https:\/\/chai-fabien-sanary.com\/#website","url":"https:\/\/chai-fabien-sanary.com\/","name":"Chai Fabien","description":"Cave \u00e0 vins, bi\u00e8res, spiritueux","publisher":{"@id":"https:\/\/chai-fabien-sanary.com\/#organization"},"potentialAction":[{"@type":"SearchAction","target":{"@type":"EntryPoint","urlTemplate":"https:\/\/chai-fabien-sanary.com\/?s={search_term_string}"},"query-input":{"@type":"PropertyValueSpecification","valueRequired":true,"valueName":"search_term_string"}}],"inLanguage":"fr-FR"},{"@type":"Organization","@id":"https:\/\/chai-fabien-sanary.com\/#organization","name":"Chai Fabien","url":"https:\/\/chai-fabien-sanary.com\/","logo":{"@type":"ImageObject","inLanguage":"fr-FR","@id":"https:\/\/chai-fabien-sanary.com\/#\/schema\/logo\/image\/","url":"https:\/\/chai-fabien-sanary.com\/wp-content\/uploads\/2025\/06\/Logo-site-header-blanc-67be95.svg","contentUrl":"https:\/\/chai-fabien-sanary.com\/wp-content\/uploads\/2025\/06\/Logo-site-header-blanc-67be95.svg","width":1238,"height":167,"caption":"Chai Fabien"},"image":{"@id":"https:\/\/chai-fabien-sanary.com\/#\/schema\/logo\/image\/"}}]}},"_links":{"self":[{"href":"https:\/\/chai-fabien-sanary.com\/index.php\/wp-json\/wp\/v2\/pages\/3","targetHints":{"allow":["GET"]}}],"collection":[{"href":"https:\/\/chai-fabien-sanary.com\/index.php\/wp-json\/wp\/v2\/pages"}],"about":[{"href":"https:\/\/chai-fabien-sanary.com\/index.php\/wp-json\/wp\/v2\/types\/page"}],"author":[{"embeddable":true,"href":"https:\/\/chai-fabien-sanary.com\/index.php\/wp-json\/wp\/v2\/users\/1"}],"replies":[{"embeddable":true,"href":"https:\/\/chai-fabien-sanary.com\/index.php\/wp-json\/wp\/v2\/comments?post=3"}],"version-history":[{"count":12,"href":"https:\/\/chai-fabien-sanary.com\/index.php\/wp-json\/wp\/v2\/pages\/3\/revisions"}],"predecessor-version":[{"id":1572,"href":"https:\/\/chai-fabien-sanary.com\/index.php\/wp-json\/wp\/v2\/pages\/3\/revisions\/1572"}],"wp:attachment":[{"href":"https:\/\/chai-fabien-sanary.com\/index.php\/wp-json\/wp\/v2\/media?parent=3"}],"curies":[{"name":"wp","href":"https:\/\/api.w.org\/{rel}","templated":true}]}}